e u(o).
-7
Let t(i) = i. Let w(k) = k**2 - 8*k + 2. Let v(r) = -3*t(r) - w(r). Suppose -13 = -4*a - 0*p - 5*p, 5*a - 2*p - 8 = 0. What is v(a)?
4
Let m(b) be the third derivative of -b**6/120 + b**5/20 + b**3/3 + 2*b**2. Suppose 0 = -3*l + 5*l - 8. Suppose -l*g = g - 10. Determine m(g).
6
Let m be 9/(-3)*(2 - 0). Let p(d) = d**3 + 5*d**2 - 4*d + 6. Determine p(m).
-6
Let r(g) = g**2 - 10*g + 12. Let o be r(9). Let h = o + -1. Let m(x) = 4*x + 5*x - 2 + x**3 + 3*x**h - 3*x - 4*x. Calculate m(-2).
-2
Suppose 0 = 3*x - 0*x - 12. Suppose 0 = 2*c + x. Let h(z) = -7*z**2 - 6*z + 6. Let q(b) = -b**2 - b + 1. Let o(a) = h(a) - 5*q(a). Calculate o(c).
-5
Let g(w) = -w - 2*w + 4*w + 11. Let b = 82 - 82. Calculate g(b).
11
Suppose 5*k = -3*l - 28 + 6, -5*k = -l + 6. Let z(w) = -w**3 - 2*w**2 - 2*w + 2. Calculate z(k).
6
Let g(f) = f**3 - f**2 + f + 1. Let d(p) = -p**2 + 8*p + 11. Let h be d(9). Give g(h).
7
Let z be 2*(-5)/(-4)*(-144)/(-60). Let u(s) = -5*s + 8. Give u(z).
-22
Let t(d) = -d - 1. Let o(w) = -3*w - 10. Let u(v) = -o(v) + 2*t(v). What is u(-6)?
2
Suppose 4*i = -2*i - 36. Let x(u) = u**3 + 7*u**2 + 7*u + 8. What is x(i)?
2
Let r(j) = -j**3 - 4*j + 5. Let o(q) = -q**3 - q**2 - 4*q + 6. Let v(l) = -3*o(l) + 4*r(l). Let m be -3*(-10)/15*1. What is v(m)?
-2
Let p(k) be the second derivative of -k**6/120 + k**5/15 + k**4/8 + k**3 - 3*k**2/2 + 2*k. Let r(b) be the first derivative of p(b). What is r(5)?
-4
Let c(l) = l - 27. Let f be c(0). Let d be ((-20)/15)/((-1)/f). Let y be 6/d - (-17)/(-6). Let t(u) = u**2 + 2*u - 3. Give t(y).
0
Let d(t) be the first derivative of t**4/4 - 2*t**3 - t**2/2 + t + 10. Determine d(6).
-5
Let v(x) be the first derivative of -2*x**3/3 + x**2/2 - x + 1. Let r be v(1). Let l(f) be the first derivative of -3*f**2/2 - 3*f - 1. Determine l(r).
3
Let g(h) = -h. Let u(r) = 10*r + 4. Let s(i) = -8*g(i) - u(i). Suppose -4*w - 32 = -5*q + 5, 5*w + 5*q - 10 = 0. What is s(w)?
2
Let t(i) = -i + 8. Suppose 0 = 4*s - 2*s - 6. Let a = 6 - s. Let z = a - -2. Calculate t(z).
3
Let a(p) = -p - 1. Let s be a(-1). Suppose s = -3*m + m + 14. Suppose 4*v + 5 + m = 0. Let h(t) = 2*t**2 + 4*t + 3. Calculate h(v).
9
Let d(n) = -n - 6. Let a(g) = 2*g**2 - 4*g + 2. Let z be a(2). Suppose -4*s = -z*s - 10. Suppose -10 = s*y + 15. Give d(y).
-1
Let d(t) = 2*t**3 - t**2 + t. Let b be d(1). Let s(c) = -4*c**2 + 5*c + 2*c**2 - 1 - 4*c**b + 7*c**2. Give s(-5).
-1
Let d(l) be the second derivative of l**5/10 + l**4/12 - 20*l. What is d(-1)?
-1
Let b(c) = 4*c**3 - 6*c - 4. Let g(t) = -t**3 + t**2 + t. Let q(f) = -b(f) - 5*g(f). Let z = 14 - 9. Give q(z).
9
Let s be ((-16)/12)/(4/(-6)). Let r(n) = n + 0*n + 4 - s*n. Suppose 2*p = -p. Determine r(p).
4
Let d(n) = 5*n - 24 - 2*n**2 + 12 + 12. What is d(4)?
-12
Let a be 9/2 - 12/8. Let y(v) = v**3 - 2*v**2 - v + 3. Calculate y(a).
9
Suppose -7*u = -9*u - 12. Let m(x) = -x**2 + 8*x - 5. Let t be m(6). Let a = t + u. Let n(o) = -4*o**2 + o - 1. Give n(a).
-4
Let z(c) = c**3 + 8*c**2 + 11*c + 23. Let d be z(-7). Let p(o) = o - 2. Determine p(d).
-7
Suppose 7 = -m - 2*y, 3*m + 2*m = -3*y - 14. Let o be 22/10 + m/5. Let s(z) = -z - o - 5*z**2 + 2*z + 4*z**2. Determine s(3).
-8
Let g(l) = l**3 + 2*l**2 - 5*l - 3. Let p = 74 - 77. What is g(p)?
3
Let u(v) be the first derivative of v**4/4 + 5*v**3/3 + 2*v**2 + 41. Calculate u(-3).
6
Let g be (-14)/(-6) + 4/6. Let n(z) = -2*z + g*z - 3 - z**2 + 5. Give n(2).
0
Let c(j) = -j**3 + j**2 + 3*j + 3. Let y = -27 + 30. Calculate c(y).
-6
Let o(j) = 2*j**2 + 5*j**2 - j**3 + 8 + 5*j - 4*j**2 + 2*j**2. Give o(6).
2
Let z(y) be the third derivative of y**6/120 - y**5/60 - 2*y**3 - 4*y**2. Calculate z(0).
-12
Let s(g) be the second derivative of g**5/20 + g**4/2 - 4*g**3/3 - 2*g**2 + 5*g. Give s(-7).
3
Let h(k) be the third derivative of -k**5/60 + k**3/3 - 13*k**2. Calculate h(-2).
-2
Let f(s) = -8*s**2 - 2*s + 1. Suppose 4*o + 3*h + 1 = 21, 4*o + 2*h = 20. Suppose -5*c = o, 1 + 3 = a - 3*c. Determine f(a).
-9
Let l = -1/14 + 59/42. Let w(h) be the first derivative of 7*h + 3 + 1/4*h**4 - 3/2*h**2 + l*h**3. Calculate w(-5).
-3
Let f(i) = -3*i**2 + 0*i**2 + 5 + 2*i**2 + 4*i. Let d(g) = -g**2 - 4*g + 6. Let n be d(-4). Determine f(n).
-7
Suppose -8 = -4*a - 0*a. Let b(v) = 20*v**2 + 8 - 19*v**a + 4*v + 4*v. Give b(-6).
-4
Let t(a) be the second derivative of -a**3/6 - 3*a**2/2 + 11*a. What is t(4)?
-7
Let d(h) = -10*h + 5*h + 3*h + 0*h - 7. What is d(-5)?
3
Let r(v) = -5*v**2 - v - 5. Let y(u) = -11*u**2 - 2*u - 9. Let s(k) = -9*r(k) + 4*y(k). Give s(0).
9
Let z(h) = 2*h + 3. Let m be z(-3). Let f(g) = -g**3 - 2*g**2 + 2*g - 2. Determine f(m).
1
Let f be 1/(-4) - 7/4. Let s be (-6)/f - 10/2. Let v(o) = 4*o - 1. Determine v(s).
-9
Let v(l) = l**3. Let b(j) = -7*j**3 - 2*j**2 - 1. Let u(o) = -b(o) - 6*v(o). Let p = -4 + 2. What is u(p)?
1
Let q = -9 + 18. Let b be (6/(-4))/(q/(-12)). Let f(t) = 4*t + 4*t**2 + t**3 - 10*t**2 + 0*t**b. Calculate f(5).
-5
Let j(p) = -p**2 - 8*p - 5. Let n = -14 + 8. Determine j(n).
7
Suppose -9 = -n - 2*s, 0 = -n + s - 0*s - 3. Let a(l) = -l + 1. What is a(n)?
0
Let c(y) = y**3 - 7*y**2 - 8*y + 11. Suppose 28*b = 32*b - 32. Calculate c(b).
11
Let v be (70/(-15))/((-4)/6). Let c(i) = 6 - 18 + v*i - i**2 + 11. Calculate c(5).
9
Let d be 0 - ((-3)/3 + 1). Suppose -2*c + 3*c = d. Let s(b) = -b - 1. Calculate s(c).
-1
Let m = 23 + -21. Let f(g) = -2*g + 3. What is f(m)?
-1
Let s(y) = -y**2 + 4*y + 7. Let x be s(5). Let f(i) be the third derivative of i**5/60 + i**3/3 + i**2. Give f(x).
6
Let j(p) be the first derivative of 2*p**3/3 + p**2 - 2*p + 2. Let i = 7 + -10. Give j(i).
10
Let j(h) = -14*h - 7*h**2 + 11 + h**2 - 7*h**3 - 8*h**2. Let m(o) = 10*o**3 + 21*o**2 + 21*o - 17. Let a(y) = -7*j(y) - 5*m(y). What is a(-6)?
14
Let f(l) = l - 22. Let x be f(11). Let a = -7 - x. Suppose -6 = -a*d + d. Let b(o) = -o**3 + 5*o**2 - 3*o + 1. What is b(d)?
7
Let j = 5 + -3. Let s(z) = 2*z**2 - z. What is s(j)?
6
Let x(u) = u**3 + 2*u**2 - 3*u - 3. Suppose -2*i = 2*i - 112. Let f = 10 + -5. Suppose 5*q = -f*h + 5, -4*h + i = -q - 3*q. Determine x(q).
-3
Suppose -z + 0*t - 5*t + 20 = 0, -4*t - 13 = -5*z. Let h(b) = b**2 - 3*b - 6. What is h(z)?
4
Let d(g) = -g**2 - 2*g + 12. Let f(k) = 4*k**2 + 7*k - 49. Let q(m) = 9*d(m) + 2*f(m). Give q(-7).
-11
Let f(x) = x**3 - x**2 + x - 1. Suppose 0 = 5*k - 35 + 10. Suppose -3*n - 13 = c, c - 2*c = -k*n - 27. What is f(c)?
5
Suppose -3*u = -2*u. Let n(z) be the third derivative of z**4/24 + 7*z**3/6 + z**2. Give n(u).
7
Let m = 2 - -4. Let h(b) = m*b - 7*b + b**2 - 5 - 6. Calculate h(0).
-11
Let g(v) = 1 - 3 + 2*v**2 + 2 + 2*v. What is g(-2)?
4
Let r(f) = -13*f + 1. Let p be 5 - (1 + 1) - (-8)/(-4). Give r(p).
-12
Let k(w) be the second derivative of -w**4/24 - w**3/2 + 5*w**2/2 + 4*w. Let i(l) be the first derivative of k(l). Determine i(3).
-6
Let j(z) = -2*z. Suppose -12*q - 1 = -61. Give j(q).
-10
Let y(n) = n**3 - 8*n**2 + 6*n + 11. Let s be y(7). Let v(a) = -a**2 + 5*a + 3. Calculate v(s).
7
Let h(m) = 2*m**2 - 2*m - 9. Let u(j) = 3*j**2 - 3*j - 14. Let r(n) = 8*h(n) - 5*u(n). Let i be 0 + ((-2)/(-1))/(-1). Determine r(i).
4
Suppose 6*w = w + 10. Let s(d) = -d - 4 + 6 - w. What is s(6)?
-6
Let t(o) be the third derivative of 7*o**5/60 - o**4/24 - o**3/6 - 34*o**2. Determine t(-1).
7
Suppose 3*u = 6*u - 24. Let o(j) = 10*j**2 - 2*j. Let d be o(1). Let c be 26/d - 2/u. Let q(m) = m + 1. Determine q(c).
4
Let j(i) be the second derivative of i**5/20 - i**4/12 + i**3/6 - 13*i**2/2 - 23*i. Calculate j(0).
-13
Suppose 5*s - 3 = 2*b - 21, -3*b + 5*s + 32 = 0. Suppose b = 5*x + 4. Let c(n) = 3*n**2 + x + 2*n**2 - n**3 - 6*n**2 + n. Calculate c(0).
2
Let s(m) = m**3 + 2*m**2 - 2*m. Let c(x) = x**2 - 5*x - 8. Let i be c(6). Determine s(i).
4
Let x(s) = s**2 - 6*s - 5. Let t be -3 + 10 + -3 + 1. What is x(t)?
-10
Let r(w) = 3*w**2 + 7 - 5*w**2 - w + 5 - 11. Let u be (4 - (-2 - -4))/(-1). Calculate r(u).
-5
Let b(u) be the first derivative of u**4/4 + 7*u**3/3 + 3*u**2 - 6*u - 7. Give b(-6).
-6
Let l(r) = 5*r**3 - 1. Let o be l(1). Let d be (-1)/(-4) + 3/o. Let u(f) = -2*f**2 - 2*f. Let x(t) = -3*t**2 - t. Let a(h) = 2*u(h) - 3*x(h). Give a(d).
4
Let s(a) = 1 - 3 + 4 + 3 - a. Give s(4).
1
Let s(h) = -h**3 + 5*h**2 + 4. Let 